t is the remainder when 3220111 is divided by 4387?
53
Calculate the remainder when 11233219 is divided by 954.
823
Calculate the remainder when 11361330 is divided by 1579.
425
Calculate the remainder when 4529369 is divided by 503261.
20
What is the remainder when 3610955 is divided by 300912?
11
What is the remainder when 54424 is divided by 26299?
1826
What is the remainder when 56990777 is divided by 19163?
15
What is the remainder when 111225 is divided by 1611?
66
What is the remainder when 15756 is divided by 50?
6
What is the remainder when 109263289 is divided by 443?
440
What is the remainder when 2981669 is divided by 425952?
5
Calculate the remainder when 331317 is divided by 329914.
1403
What is the remainder when 1258527 is divided by 107?
100
What is the remainder when 13432122 is divided by 731?
728
Calculate the remainder when 532943 is divided by 80.
63
Calculate the remainder when 2609944 is divided by 4962.
4894
What is the remainder when 355054 is divided by 1945?
1064
What is the remainder when 535015 is divided by 35662?
85
Calculate the remainder when 11653503 is divided by 7357.
15
What is the remainder when 171743 is divided by 3653?
52
What is the remainder when 178591 is divided by 40?
31
Calculate the remainder when 78259496 is divided by 255.
251
Calculate the remainder when 29337 is divided by 4184.
49
What is the remainder when 534861 is divided by 4?
1
What is the remainder when 43606 is divided by 451?
310
What is the remainder when 5804073 is divided by 427?
289
What is the remainder when 39310 is divided by 848?
302
What is the remainder when 378326189 is divided by 1166?
1165
What is the remainder when 1161396 is divided by 61125?
21
Calculate the remainder when 26411 is divided by 871.
281
Calculate the remainder when 631754 is divided by 57406.
288
What is the remainder when 600120 is divided by 2634?
2202
What is the remainder when 13776664 is divided by 11228?
11136
What is the remainder when 329600 is divided by 1432?
240
What is the remainder when 3196343 is divided by 346?
341
What is the remainder when 578426 is divided by 69?
68
Calculate the remainder when 705855 is divided by 9.
3
What is the remainder when 2170466414 is divided by 9?
8
What is the remainder when 46535 is divided by 1108?
1107
What is the remainder when 21565367 is divided by 1492?
1491
What is the remainder when 4964289 is divided by 225648?
33
Calculate the remainder when 32414019 is divided by 400.
19
Calculate the remainder when 991216 is divided by 7031.
6876
What is the remainder when 3242454 is divided by 727?
34
What is the remainder when 1386100 is divided by 17326?
20
Calculate the remainder when 1179547 is divided by 326.
79
Calculate the remainder when 3301827 is divided by 76.
7
What is the remainder when 480350778 is divided by 1359?
1356
What is the remainder when 517717 is divided by 11121?
6151
What is the remainder when 14971407 is divided by 2166?
15
What is the remainder when 8088543 is divided by 33?
12
What is the remainder when 2895109 is divided by 964983?
160
What is the remainder when 5134274 is divided by 41742?
8
What is the remainder when 67660 is divided by 9622?
306
Calculate the remainder when 355703 is divided by 535.
463
What is the remainder when 841057 is divided by 60062?
189
What is the remainder when 5878592 is divided by 1449?
1448
What is the remainder when 4402446 is divided by 24?
6
What is the remainder when 1027065 is divided by 171163?
87
Calculate the remainder when 214778568 is divided by 389.
387
What is the remainder when 149327622 is divided by 122?
110
Calculate the remainder when 3468004 is divided by 1155997.
13
Calculate the remainder when 953280 is divided by 9780.
4620
Calculate the remainder when 9008 is divided by 4226.
556
Calculate the remainder when 258272 is divided by 15139.
909
Calculate the remainder when 987909 is divided by 9.
6
Calculate the remainder when 1118935 is divided by 186471.
109
Calculate the remainder when 34513 is divided by 33252.
1261
What is the remainder when 142339 is divided by 35576?
35
Calculate the remainder when 7991338 is divided by 116.
98
What is the remainder when 85927 is divided by 193?
42
Calculate the remainder when 101379 is divided by 2142.
705
Calculate the remainder when 10331 is divided by 131.
113
Calculate the remainder when 10394075 is divided by 67.
30
What is the remainder when 115089 is divided by 5652?
2049
What is the remainder when 23213 is divided by 31?
25
What is the remainder when 833713 is divided by 512?
177
What is the remainder when 7406925 is divided by 2468975?
0
What is the remainder when 5130957 is divided by 102619?
7
Calculate the remainder when 508676 is divided by 4268.
784
Calculate the remainder when 96338165 is divided by 1016.
29
What is the remainder when 3853848 is divided by 51?
33
Calculate the remainder when 168499 is divided by 312.
19
What is the remainder when 1208622 is divided by 604270?
82
What is the remainder when 15385679 is divided by 69?
59
What is the remainder when 20520710 is divided by 1368047?
5
What is the remainder when 296363 is divided by 343?
11
Calculate the remainder when 54053 is divided by 2552.
461
What is the remainder when 48636 is divided by 44073?
4563
What is the remainder when 40656009 is divided by 446?
433
What is the remainder when 169563 is divided by 1630?
43
Calculate the remainder when 25767 is divided by 3218.
23
What is the remainder when 199148 is divided by 781?
774
What is the remainder when 6979139 is divided by 3618?
17
What is the remainder when 3777215 is divided by 764?
763
What is the remainder when 486006 is divided by 150?
6
Calculate the remainder when 382396 is divided by 800.
796
What is the remainder when 3325021 is divided by 204?
25
Calculate the remainder when 349784 is divided by 5068.
92
Calculate the remainder when 477096878 is divided by 9362.
9358
Calculate the remainder when 329498 is divided by 29658.
3260
What is the remainder when 32865367 is divided by 37?
6
What is the remainder when 58946850 is divided by 1312?
2
What is the remainder when 340832 is divided by 300?
32
What is the remainder when 5140681 is divided by 332?
325
What is the remainder when 51184223 is divided by 112?
111
Calculate the remainder when 213913 is divided by 23768.
1
Calculate the remainder when 1525034 is divided by 5710.
464
Calculate the remainder when 7945366 is divided by 3394.
12
Calculate the remainder when 83738 is divided by 16705.
213
What is the remainder when 1263152 is divided by 421048?
8
Calculate the remainder when 262800 is divided by 262769.
31
Calculate the remainder when 3230 is divided by 723.
338
What is the remainder when 3911929 is divided by 583?
582
Calculate the remainder when 128304201 is divided by 442.
441
What is the remainder when 27116 is divided by 5331?
461
What is the remainder when 103721771 is divided by 12?
11
What is the remainder when 64514 is divided by 1186?
470
What is the remainder when 747809 is divided by 1831?
761
What is the remainder when 20237860 is divided by 2359?
2358
Calculate the remainder when 253863 is divided by 9398.
117
Calculate the remainder when 14976704 is divided by 587.
573
What is the remainder when 60379 is divided by 4065?
3469
Calculate the remainder when 977721 is divided by 49.
24
What is the remainder when 7312 is divided by 1817?
44
Calculate the remainder when 3112873 is divided by 297.
16
Calculate the remainder when 1669196 is divided by 834530.
136
Calculate the remainder when 3958105 is divided by 989524.
9
What is the remainder when 71138072 is divided by 40?
32
What is the remainder when 287769 is divided by 58?
31
Calculate the remainder when 417044 is divided by 190.
184
Calculate the remainder when 904937 is divided by 22562.
2457
What is the remainder when 1133819 is divided by 1133798?
21
What is the remainder when 242747 is divided by 24127?
1477
Calculate the remainder when 72019 is divided by 17972.
131
What is the remainder when 118204 is divided by 477?
385
Calculate the remainder when 62329 is divided by 31143.
43
What is the remainder when 411309 is divided by 54?
45
What is the remainder when 207817348 is divided by 425?
423
Calculate the remainder wh